 -4). What is the greatest common divisor of b and w?
2
Let p = 150 - 116. Suppose 37 + p = 4*z + 5*d, -19 = -z - d. What is the highest common divisor of 16 and z?
8
Let c(v) = -2*v - 12. Let w be c(-10). Suppose o + i = 20, -w = -o - i + 4*i. Calculate the greatest common divisor of 187 and o.
17
Let z(y) = 33*y**2 - 119*y + 5. Let g be z(4). Calculate the greatest common divisor of 4313 and g.
19
Let z be (-2)/(455/75 + -6). Let p be (8 + (-20)/z)/((-2)/(-3)). What is the highest common divisor of 169 and p?
13
Let z = 169 + -132. Suppose 0 = -13*a + 54 + z. Let k = 64 - 36. What is the highest common divisor of a and k?
7
Let i(d) = 4*d + 34. Let n be i(-2). Let q be n/91 + -101*4/(-7). Calculate the highest common factor of 145 and q.
29
Let p be 1*(6 - (3 - 0)). Let c be 9/p - -3 - 1. Suppose -3*x + 3*s = -c*x + 216, 0 = 3*x + s - 317. What is the greatest common divisor of x and 21?
21
Suppose -r - 537 - 128 = -v, 659 = v - 4*r. Let d = v - 607. Calculate the greatest common divisor of d and 60.
60
Let r(j) = -j**3 + 10*j**2 + 10*j + 22. Let m be r(8). Suppose 2*p = 132 + 52. What is the greatest common divisor of m and p?
46
Suppose 2*n - 6*n + 271 = 5*p, 3*n + 5*p = 202. Let q = -1304 - -1366. Suppose -n + q = -j. What is the greatest common divisor of j and 35?
7
Let g be 52/20 + 12/(-20). Suppose 2*s - s - 38 = g*a, -4*a - 208 = -5*s. What is the highest common factor of s and 4?
4
Let h = -214 + 420. Let o = h - 110. Let z(b) = -7*b - 54. Let c be z(-18). Calculate the highest common factor of o and c.
24
Let n = 9 - -4. Suppose 399 = 54*p - 1707. What is the greatest common factor of p and n?
13
Let y(f) = -3 - 11*f - 2*f + 15*f. Let k be y(4). Suppose 5*m - 823 = -648. What is the greatest common divisor of m and k?
5
Let g(t) = 43*t**2 - 9*t + 86. Let q be g(10). What is the highest common factor of 16 and q?
8
Let a = -15881 - -15886. What is the highest common factor of 3205 and a?
5
Let g be ((-2)/(-3))/((-95)/(-359385)). What is the greatest common divisor of g and 104?
26
Let i = 17 + 170. Suppose -73 = -4*t + d, 69 = 3*t - d + 5*d. Suppose t*q = -7*q + 442. What is the greatest common factor of q and i?
17
Let n(t) = 113*t**3 - t**2 - 4*t + 4. Suppose 11*s - 21*s = -10. Let i be n(s). Calculate the highest common factor of 42 and i.
14
Let s be ((-5967)/(-26) - 0)*(-7 - -9). What is the greatest common divisor of 189 and s?
27
Suppose -2*a + 2 - 60 = 0. Let l be (3 - 3 - a)*(2 + 2). Let h = l + -28. What is the greatest common factor of 11 and h?
11
Let b = -496 - -6733. Calculate the greatest common factor of 77 and b.
77
Let g = -525 - -299. Let j = g - -275. What is the highest common divisor of j and 539?
49
Suppose 3*g = 5*o - 22, -48*g - 1 = -44*g - o. Calculate the highest common factor of g and 2801.
1
Suppose 0 = 2*y + 15*a - 20*a - 1668, -7*y + 3*a = -5780. Calculate the highest common divisor of y and 1957.
103
Let r = -17 - -22. Suppose -3*f + 8*f = -r*f. Suppose o - 108 + 38 = f. Calculate the highest common factor of o and 10.
10
Let g be 14364/32 - 3/(-24). Let n be -3 + (1 - 6) + g. Calculate the highest common factor of 49 and n.
49
Suppose 7*u - 1140 = 2*u. Let z = 240773 + -240393. Calculate the greatest common factor of z and u.
76
Suppose -20*k + 12*k = -1384. Suppose 0 = 14*g - k + 75. Calculate the highest common divisor of g and 847.
7
Suppose 2*a - 2 = 3*q, -11*q + 13*q = 5*a - 16. Suppose 3*g = a*l, 4*l + g - 20 = -g. Calculate the greatest common divisor of 147 and l.
3
Let l = -26191 - -26232. Calculate the highest common divisor of 30053 and l.
41
Suppose x = 2, 0 = 14*b + x - 2350 - 1460. What is the greatest common divisor of b and 17?
17
Let u(l) = 553*l + 316. Let q be u(8). What is the greatest common factor of 60 and q?
60
Suppose 45 - 1 = 11*k. Suppose -k*s = -5*r - 130, 3*s + 2*r - 103 = 3*r. Let p = s - 30. What is the highest common divisor of p and 5?
5
Let c(z) = -z**3 - 8*z + 348. Let s be c(0). What is the highest common divisor of s and 82128?
348
Let y be -15*3/2*(-24)/108. Suppose -q + y*o - 45 = 0, -q - 4*o - 35 = -7*o. Let h be (-15)/q + 159/12. What is the greatest common factor of 70 and h?
14
Let b be 698/(2 + (-5 - -4)). Let n = b - 332. What is the greatest common factor of n and 6?
6
Suppose 0 = -3*q + 4*w + 3223, -3*w + 3258 = 678*q - 675*q. What is the highest common divisor of 1175 and q?
47
Suppose -p + 185 = -2*l, -4*p + 6*l = l - 755. Calculate the greatest common factor of 45 and p.
15
Suppose -225*s + 212*s + 13 = 0. Let l(o) = o**3 - 5*o**2 + 4*o + 4. Let i be l(5). Suppose 2*r = i - 6. Calculate the highest common divisor of r and s.
1
Let l be (47330/130 - 4) + -5 + (-128)/(-26). What is the greatest common factor of l and 10620?
180
Let n = 118317 - 118234. Let j = -64 + 147. What is the highest common divisor of n and j?
83
Let b(a) = 113*a + 10. Let w be b(5). Suppose 0 = -8*g + 377 + w. Suppose -115*p = -g*p + 104. Calculate the highest common factor of 78 and p.
26
Suppose 1915 = 4228*q - 4194*q - 4817. Calculate the greatest common factor of q and 10395.
99
Let f = -169 + 283. Let n = f - 30. What is the highest common divisor of 6 and n?
6
Let a be 53 + -11 + (3 - (3 - 0)). Suppose -10 - 14 = 4*y. Let i be 3 + 3/(y/(-50)). Calculate the greatest common divisor of a and i.
14
Suppose 8*w = 15*w - 476. Let h = -59 + w. Let c(x) = 4*x - 16. Let z be c(h). What is the greatest common divisor of z and 140?
20
Suppose 1202 = -2*g + 8*f - 4*f, 2*g + 1220 = -5*f. Let d = -603 - g. Calculate the greatest common factor of d and 3.
1
Suppose 163*h - 294*h = -147*h + 64064. Calculate the highest common divisor of h and 273.
91
Suppose -2840 = -271*s + 4281 - 617. Let v be 1460/35 - 2/(-7). What is the highest common divisor of v and s?
6
Let q(l) = 13*l**2 - 15*l + 54. Let s be q(4). Suppose 5*j = 5*g + 245, -28*j + 24*j + g + s = 0. What is the greatest common divisor of 68 and j?
17
Let o be (-804)/(-45) - (-6)/45. Let x be (-2 - -1) + 110 - (o + -19). Let q = 115 - x. What is the highest common factor of q and 55?
5
Let s be (72/84)/((-2)/14). Let y be s/(-33) + 357/33. Suppose -2 = 2*q - 2*f, -q - 9 = -6*q - 2*f. What is the greatest common factor of y and q?
1
Let j = 13295 + -12945. What is the greatest common divisor of 168 and j?
14
Let m(o) = -o**2 - 12*o + 2. Suppose 23*d = -v + 25*d + 6, 3*v - 4*d = 8. Let i be m(v). What is the greatest common divisor of i and 1666?
34
Suppose 3*d + 714 = -3*i, -9*d + 4*d - 1204 = -2*i. Let h = 312 + d. Calculate the highest common divisor of 36 and h.
36
Suppose 0*s + 20 = 3*s - g, -5*s + 4*g + 24 = 0. Suppose -4*n - 2*y + 467 - 129 = 0, 5*n - 419 = -3*y. Calculate the highest common divisor of n and s.
8
Suppose -3*t - 125 = -5*t - 5*g, -4*t + 290 = 2*g. Let a = t - -10. Suppose x + 0*w - 25 = 3*w, -w = 2*x - 71. What is the highest common divisor of x and a?
17
Suppose 4*k + 0 = -28, 5*g - 37268 = -k. What is the greatest common factor of 525 and g?
105
Suppose 8*a - 4518 = 4879 - 2805. Calculate the highest common divisor of a and 8.
8
Suppose 3*g = 2*v - 1700 + 5394, -5*v - 4937 = -4*g. Calculate the highest common divisor of 4 and g.
4
Suppose -855*c + 834*c + 227655 + 230229 = 0. Calculate the highest common factor of 158 and c.
158
Let j be 61/4 + (-1)/4. Suppose 7 = j*k - 16*k. Let n be 10/(2 + k) + 101. What is the greatest common divisor of 11 and n?
11
Let t = 5 - 2. Suppose l + 36 = 2*i, -3*l - 53 = -t*i - 2*l. Suppose -2*f = -5*d + 91, d - 15*f = -19*f + 5. Calculate the highest common factor of d and i.
17
Let k(c) = 21*c**2 - 8*c + 75. Let m be k(5). Suppose 2*b + 5*y = b + 192, 3*b = y + m. Calculate the highest common factor of b and 34.
17
Suppose -580 = -32*w + 700. Calculate the greatest common factor of 10840 and w.
40
Suppose 0 = 1826*b - 1767*b - 1652. Calculate the greatest common factor of 29722 and b.
14
Let h(d) = -d**3 + 20*d**2 + 20*d + 36. Suppose 4*b - 86 = s, -b = -3*s - s - 29. Let v be h(b). What is the greatest common factor of v and 285?
15
Suppose -4*f = 3*n - 79, 2*n - 121 = -3*n + 4*f. Let d(c) = c**3 - 25*c**2 + 43*c - 41. Let r be d(n). What is the greatest common divisor of r and 22?
22
Suppose 8*d = -2 + 122. Let i be ((-6)/1)/(d/(-300)). What is the highest common divis